62
Let y(h) = -h**3 - 4*h**2 - 8903*h - 62443. Give y(-7).
25
Let z(j) = -3*j**3 + 11*j**2 + j - 95. Determine z(3).
-74
Let g(t) = -t**3 - 215*t**2 - 8915*t - 1760. Give g(-159).
-11
Let w(i) = 30380*i + 395003. What is w(-13)?
63
Let s(z) = 10*z**2 - 52*z - 840. Give s(-16).
2552
Let s(t) = 1148*t + 51664. What is s(-45)?
4
Let k(c) = -17*c**2 + 433*c - 2094. Calculate k(19).
-4
Let h(f) = -81*f - 1015. Determine h(-6).
-529
Let g(j) = 101*j**2 - 1393*j - 9973. What is g(19)?
21
Let q(w) = -4*w**2 - 414*w + 3280. Give q(7).
186
Let h(f) = -12*f - 1573. Give h(0).
-1573
Let c(t) = t**3 - 22*t**2 + 870*t + 3462. What is c(-4)?
-434
Let n(h) = -h**3 + 54*h**2 + 1325*h - 95. Give n(72).
1993
Let v(t) = -2*t**2 - 134*t - 207. Give v(-66).
-75
Let v(h) = 6*h**3 + 4*h**2 - 14*h + 58. Determine v(5).
838
Let q(v) = 13*v + 3463. Determine q(-40).
2943
Let j(b) = -13*b**2 - 991*b + 782. Give j(-77).
12
Let p(s) = 953751*s - 9537502. Determine p(10).
8
Let x(z) = 70*z**2 - 474*z - 18. What is x(6)?
-342
Let q(r) = -2*r**3 - 28*r**2 - 90*r - 4214. Determine q(-18).
-2
Let p(o) = o**2 - 94*o - 5691. Determine p(-42).
21
Let o(t) = -t**2 - 231*t + 3237. Determine o(14).
-193
Let v(n) = 43*n**3 - 49*n**2 - 136*n + 45. Calculate v(-3).
-1149
Let q(i) = 3*i**3 + 71*i**2 + 155*i + 4093. What is q(-24)?
-203
Let u(w) = -3*w**3 + 41*w**2 - 137*w - 1. Calculate u(8).
-9
Let y(o) = -492*o - 1564. Calculate y(0).
-1564
Let i(t) = 27180*t - 380718. Determine i(14).
-198
Let s(d) = -d**3 - 13*d**2 + 178*d + 2593. Calculate s(-16).
513
Let p(r) = r**3 + 271*r**2 - 6118*r + 4011. Give p(-292).
-77
Let w(q) = -49*q**2 + 2904*q + 2080. What is w(60)?
-80
Let r(j) = -3*j**2 - 2433*j + 49854. Calculate r(20).
-6
Let n(u) = 6*u**2 - 27*u - 86. Calculate n(-3).
49
Let n(w) = -4986*w - 877547. What is n(-176)?
-11
Let b(x) = 3*x**2 + 11*x - 5801. Determine b(52).
2883
Let z(a) = 3*a**2 + 1487*a - 410255. What is z(-693)?
1
Let d(o) = 3*o**3 - 352*o**2 + 1825*o - 243201. Calculate d(118).
-3
Let f(l) = -2*l**2 - 15690*l + 361939. Calculate f(23).
11
Let s(y) = -y**3 - 55*y**2 - 644*y + 44. Give s(-37).
-770
Let b(k) = -277*k**2 + 85932*k + 66860. Determine b(311).
-5
Let z(k) = 60440*k + 241805. Calculate z(-4).
45
Let f(s) = -s**3 + 32*s**2 - 217*s - 118. Give f(17).
528
Let b(z) = -33*z**3 + 2313*z**2 - 215*z + 292. Determine b(70).
-58
Let u(a) = -91*a**2 - 3480*a - 6909. Calculate u(-2).
-313
Let r(u) = 6511*u - 123701. What is r(19)?
8
Let s(d) = -5*d**3 + 191*d**2 + 67*d - 3978. What is s(38)?
12
Let y(z) = -z**3 - 66*z**2 + 34*z + 2207. Give y(-66).
-37
Let g(l) = -l**2 + 1232*l - 37227. Determine g(31).
4
Let i(s) = -3*s**3 - 24*s**2 + 41*s + 318. What is i(-10)?
508
Let l(j) = 9739*j + 9. Calculate l(0).
9
Let v(x) = -5*x**2 - 170*x + 5859. What is v(21)?
84
Let k(j) = 484*j + 150571. Determine k(-311).
47
Let w(q) = -q**2 - 70120*q - 350568. What is w(-5)?
7
Let a(p) = 2*p**3 + 119*p**2 - 35*p - 5429. What is a(-59)?
117
Let d(a) = 2205*a + 619584. Determine d(-281).
-21
Let j(n) = -5*n**3 - 3*n**2 + 53*n - 123. What is j(3)?
-126
Let m(c) = 35*c**2 + 8235*c + 2337. What is m(-235)?
-13
Let y(i) = -534*i + 12505. What is y(20)?
1825
Let c(o) = -o**3 - 41*o**2 + 789*o + 1028. Give c(-55).
-17
Let p(z) = -3832*z + 49864. Determine p(13).
48
Let z(f) = -9*f**2 - 444*f - 2155. Give z(-41).
920
Let i(j) = -1466*j - 70365. Calculate i(-48).
3
Let w(d) = -53*d**2 - 209*d - 639. What is w(-3)?
-489
Let l(n) = -4028*n + 132957. Give l(33).
33
Let k(d) = -d**2 - 770*d - 6003. Calculate k(-8).
93
Let a(c) = -604231*c + 1812694. Determine a(3).
1
Let r(z) = -336*z + 3730. Give r(12).
-302
Let a(s) = 2*s**2 + 3275*s + 310254. What is a(-101)?
-119
Let k(o) = -102371*o - 511987. Give k(-5).
-132
Let w(l) = -2*l**3 + 49*l**2 - 76*l - 146. What is w(23)?
-307
Let m(j) = j**3 - 1251*j**2 + 186*j - 3. Determine m(0).
-3
Let p(x) = -2725*x**3 + x**2 + 756*x + 757. Determine p(-1).
2727
Let w(p) = -p**3 + 48*p**2 + 71*p - 3924. Calculate w(46).
3574
Let m(f) = -17*f**3 - 5*f**2 + 1869*f - 3734. What is m(2)?
-152
Let n(d) = -3*d**3 + 814*d**2 - 20656*d + 261. Calculate n(243).
18
Let s(c) = 6*c**3 + 16*c**2 - 187*c - 555. Give s(-3).
-12
Let j(n) = 32*n**2 + 491*n + 1. Give j(-13).
-974
Let b(z) = -5*z**3 + 126*z**2 - 23*z - 82. Determine b(25).
-32
Let p(v) = v**3 + 462*v**2 + 4965*v + 46. Calculate p(-11).
2
Let s(j) = 303*j - 11890. What is s(39)?
-73
Let o(m) = 1766*m + 81252. Give o(-46).
16
Let i(l) = -826*l + 24077. Calculate i(29).
123
Let n(j) = 3*j**3 - 366*j**2 + 57*j - 7076. What is n(122)?
-122
Let q(w) = -12519*w - 87670. Give q(-7).
-37
Let c(x) = -9*x**2 + 525*x + 105. Determine c(58).
279
Let u(a) = a**3 - 38*a**2 + 542*a - 61462. Give u(51).
-7
Let f(l) = 10952*l + 164584. Calculate f(-15).
304
Let z(k) = -143*k - 57. What is z(2)?
-343
Let p(f) = 4*f**3 - 60*f**2 + 285*f - 470. Determine p(8).
18
Let v(a) = -140*a**3 - 2*a**2 + 884*a + 1778. Determine v(-2).
1122
Let c(v) = -2*v**3 + 27*v - 2. Calculate c(-8).
806
Let f(k) = -1622*k + 10601. Calculate f(7).
-753
Let h(t) = 7*t**3 - 109*t**2 - 610*t - 30. What is h(20)?
170
Let l(i) = -3*i**2 + 148*i - 1724. What is l(32)?
-60
Let c(u) = -621845*u - 1243642. Determine c(-2).
48
Let t(z) = 409*z - 207. Calculate t(1).
202
Let w(g) = 21*g**2 + 562*g + 1798. Determine w(-23).
-19
Let x(d) = d**3 - 15*d**2 - 2419*d + 22258. What is x(9)?
1
Let p(x) = 129*x + 18357. Give p(-128).
1845
Let s(l) = -3*l**3 + 14*l**2 + 79*l - 114. What is s(4)?
234
Let y(f) = 7*f**2 - 629*f - 9676. Give y(104).
620
Let t(d) = 10*d**2 - 2683*d + 6366. Calculate t(266).
248
Let n(t) = -2*t**3 + 820*t**2 - 1626*t - 2496. What is n(408)?
-48
Let u(g) = 2*g**3 + 153*g**2 - 90*g + 11235. Determine u(-78).
3
Let w(x) = -x**3 + 10*x**2 + 23972*x - 215851. Calculate w(9).
-22
Let t(k) = k**3 + 6*k**2 - 1334*k + 12617. Calculate t(11).
0
Let y(w) = -5372*w + 4863. Calculate y(1).
-509
Let b(h) = 250*h - 57570. Calculate b(230).
-70
Let t(r) = 2*r**2 + 199*r + 4911. Calculate t(-32).
591
Let g(f) = -718*f + 7622. Give g(9).
1160
Let r(h) = 179*h - 17657. Determine r(98).
-115
Let s(k) = k**3 - 20*k**2 + 1250*k - 26712. What is s(21)?
-21
Let v(q) = -260*q**2 - 2105*q - 80. What is v(-8)?
120
Let p(r) = 3*r**2 + 3492*r + 61868. What is p(-18)?
-16
Let j(o) = o**3 + 120*o**2 - 2106*o + 9427. Give j(-136).
-93
Let k(g) = -9*g**2 + 336*g - 269. What is k(37)?
-158
Let a(i) = -7*i**3 + 24*i**2 + 104*i + 37. Give a(6).
13
Let k(a) = a**3 - 246*a**2 + 14906*a - 254. Give k(138).
22
Let q(n) = 808*n + 268938. What is q(-333)?
-126
Let y(g) = 43*g**2 + 767*g + 118. Determine y(-16).
-1146
Let b(a) = -a**3 - 31*a**2 - 227*a + 366. Give b(-19).
347
Let c(r) = 870*r**3 - 3*r**2 - 18*r + 19. Calculate c(1).
868
Let c(w) = w**2 - 98818*w + 889359. What is c(9)?
78
Let y(v) = -4470*v + 6293808. Give y(1408).
48
Let x(s) = -13830*s - 123136. Give x(-9).
1334
Let k(u) = 78*u**2 - 11391*u + 96558. Determine k(137).
-27
Let k(j) = 7*j**2 - 705*j + 16513. What is k(37)?
11
Let t(r) = -7465*r + 142155. Determine t(19).
320
Let o(u) = -u**3 - 553*u**2 + 37*u + 20469. Calculate o(-553).
8
Let p(z) = 112*z**2 - 9306*z + 836. Calculate p(83).
6
Let n(c) = -2*c**2 + 2905*c - 17479. Determine n(6).
-121
Let q(b) = 959667*b - 4. What is q(0)?
-4
Let p(h) = -904*h + 1765. Give p(2).
-43
Let x(p) = -p**2 - 1263*p - 141229. Determine x(-124).
7
Let o(p) = 236*p**2 - 3392*p + 4205. Determine o(13).
-7
Let w(r) = r**3 - 171*r**2 - 5815*r - 404. Give w(-29).
31
Let i(l) = 2*l**3 + 101*l**2 + 417*l + 138. Give i(-46).
0
Let z(n) = n**2 + 183197*n + 4396157. Give z(-24).
5
Let o(y) = -7*y**2 + 4919*y - 90924. Give o(19).
10
Let k(m) = m**2 - 11598*m + 115980. Calculate k(10).
100
Let t(q) = -q**3 - 17*q**2 - 30*q - 137. Calculate t(-15).
-137
Let h(l) = 2*l**3 + 14*l**2 - 106*l - 196. Calculate h(-11).
2
Let f(j) = -11*j - 305. Determine f(36).
-701
Let r(y) = 67*y + 3535. Give r(-97).
-2964
Let c(y) = -334*y - 12213. Calculate c(-37).
145
Let n(m) = -14*m**2 + 635*m - 781. Calculate n(44).
55
Let x(c) = -187*c**2 - 140*c + 53. Give x(-1).
6
Let g(k) = -k**3 + 86*k**2 + 845*k + 770. Give g(95).
-180
Let v(s) = -5*s**2 - 1054*s - 12921. Determine v(-13).
-64
Let p(l) = -7*l**2 - 17921*